, 677
What are the prime factors of 12686783?
12686783
List the prime factors of 22116.
2, 3, 19, 97
What are the prime factors of 725492?
2, 17, 47, 227
What are the prime factors of 5584593?
3, 7, 101, 2633
List the prime factors of 8704306.
2, 13, 17, 47, 419
List the prime factors of 409928.
2, 51241
List the prime factors of 5399529.
3, 1799843
List the prime factors of 101263.
131, 773
List the prime factors of 6765.
3, 5, 11, 41
What are the prime factors of 453009?
3, 29, 41, 127
List the prime factors of 3663731.
53, 69127
What are the prime factors of 14240728?
2, 19, 4931
What are the prime factors of 2461189?
41, 60029
List the prime factors of 6477906.
2, 3, 1079651
List the prime factors of 8577291.
3, 2859097
List the prime factors of 385362.
2, 3, 79, 271
List the prime factors of 574679.
7, 53, 1549
What are the prime factors of 3712821?
3, 7, 23, 7687
List the prime factors of 3122451.
3, 346939
List the prime factors of 3555790.
2, 5, 7, 79, 643
List the prime factors of 2962607.
17, 23, 7577
What are the prime factors of 78810?
2, 3, 5, 37, 71
What are the prime factors of 1886735?
5, 377347
List the prime factors of 4338867.
3, 13, 111253
What are the prime factors of 2364613?
43, 127, 433
List the prime factors of 1511962.
2, 193, 3917
What are the prime factors of 1405246?
2, 702623
What are the prime factors of 2809920?
2, 3, 5, 2927
What are the prime factors of 397292?
2, 7, 2027
List the prime factors of 1009391.
31, 32561
List the prime factors of 835344.
2, 3, 5801
What are the prime factors of 3288072?
2, 3, 17, 8059
List the prime factors of 11796706.
2, 43, 229, 599
List the prime factors of 14066.
2, 13, 541
What are the prime factors of 20995?
5, 13, 17, 19
List the prime factors of 3919205.
5, 29, 151, 179
List the prime factors of 259585.
5, 193, 269
What are the prime factors of 2297279?
193, 11903
What are the prime factors of 425225?
5, 73, 233
What are the prime factors of 21745?
5, 4349
List the prime factors of 12584259.
3, 1398251
What are the prime factors of 2506107?
3, 835369
What are the prime factors of 1487611?
719, 2069
What are the prime factors of 175089?
3, 58363
What are the prime factors of 1782652?
2, 311, 1433
List the prime factors of 178730.
2, 5, 61, 293
List the prime factors of 178264.
2, 22283
What are the prime factors of 1350143?
31, 97, 449
List the prime factors of 135161.
13, 37, 281
What are the prime factors of 178884?
2, 3, 4969
What are the prime factors of 37603354?
2, 17, 349, 3169
What are the prime factors of 335252?
2, 83813
What are the prime factors of 11904648?
2, 3, 7, 53, 191
List the prime factors of 1054909.
1054909
List the prime factors of 116075.
5, 4643
What are the prime factors of 12479151?
3, 4159717
List the prime factors of 26808622.
2, 1289, 10399
What are the prime factors of 221337?
3, 24593
What are the prime factors of 738214?
2, 157, 2351
What are the prime factors of 114188?
2, 28547
What are the prime factors of 1121521?
197, 5693
What are the prime factors of 2615069?
2615069
List the prime factors of 1200396.
2, 3, 167, 599
What are the prime factors of 2995531?
7, 11, 38903
List the prime factors of 3414862.
2, 11, 103, 137
What are the prime factors of 2208478?
2, 149, 7411
What are the prime factors of 1092204?
2, 3, 3371
List the prime factors of 31529798.
2, 17, 67, 13841
What are the prime factors of 386133?
3, 11, 11701
List the prime factors of 6086213.
7, 19, 67, 683
What are the prime factors of 914274?
2, 3, 16931
What are the prime factors of 1994474?
2, 17, 58661
List the prime factors of 2100611.
197, 10663
What are the prime factors of 8545943?
7, 174407
What are the prime factors of 6832999?
607, 11257
What are the prime factors of 31136260?
2, 5, 163, 9551
What are the prime factors of 29650616?
2, 37, 109, 919
List the prime factors of 183154.
2, 91577
What are the prime factors of 3809?
13, 293
What are the prime factors of 1121973?
3, 61, 6131
List the prime factors of 4792008.
2, 3, 13, 15359
List the prime factors of 11555179.
71, 162749
List the prime factors of 248396.
2, 62099
What are the prime factors of 609891?
3, 23, 8839
List the prime factors of 8654246.
2, 4327123
What are the prime factors of 424356?
2, 3, 35363
What are the prime factors of 632636?
2, 109, 1451
List the prime factors of 1238478.
2, 3, 206413
What are the prime factors of 152897?
152897
List the prime factors of 78739.
71, 1109
What are the prime factors of 4312465?
5, 862493
List the prime factors of 8098989.
3, 59, 45757
What are the prime factors of 59026?
2, 11, 2683
What are the prime factors of 323999?
13, 24923
List the prime factors of 23825749.
2099, 11351
List the prime factors of 8261515.
5, 131, 12613
List the prime factors of 3282110.
2, 5, 13, 25247
List the prime factors of 867201.
3, 289067
What are the prime factors of 186179?
7, 26597
List the prime factors of 1168647.
3, 79, 4931
What are the prime factors of 152813?
17, 89, 101
List the prime factors of 5466196.
2, 1366549
What are the prime factors of 110131?
7, 15733
List the prime factors of 8205.
3, 5, 547
What are the prime factors of 254311?
23, 11057
List the prime factors of 7812139.
109, 71671
What are the prime factors of 17787455?
5, 7, 508213
List the prime factors of 6025164.
2, 3, 487, 1031
What are the prime factors of 5886364?
2, 11, 133781
List the prime factors of 1398951.
3, 19, 101
What are the prime factors of 3447356?
2, 11, 47, 1667
What are the prime factors of 578987?
19, 31, 983
What are the prime factors of 6520876?
2, 19, 239, 359
What are the prime factors of 1069267?
1069267
List the prime factors of 1837972.
2, 17, 151, 179
List the prime factors of 631150.
2, 5, 13, 971
What are the prime factors of 841850?
2, 5, 113, 149
What are the prime factors of 7495739?
7495739
What are the prime factors of 1214808?
2, 3, 7, 1033
What are the prime factors of 171319?
67, 2557
What are the prime factors of 2244401?
2244401
What are the prime factors of 1127576?
2, 17, 8291
List the prime factors of 19040526.
2, 3, 1057807
What are the prime factors of 7179151?
7, 17, 23, 43, 61
What are the prime factors of 221269?
409, 541
List the prime factors of 1739675.
5, 7, 9941
What are the prime factors of 10223249?
10223249
List the prime factors of 16359134.
2, 11, 17, 31, 83
What are the prime factors of 11692?
2, 37, 79
What are the prime factors of 5777925?
3, 5, 41, 1879
List the prime factors of 558936.
2, 3, 7, 1109
List the prime factors of 3989590.
2, 5, 11, 36269
What are the prime factors of 4072998?
2, 3, 678833
What are the prime factors of 47707?
11, 4337
List the prime factors of 24230647.
7, 103, 4801
What are the prime factors of 114515?
5, 37, 619
List the prime factors of 3828002.
2, 1914001
What are the prime factors of 525160?
2, 5, 19, 691
What are the prime factors of 4323822?
2, 3, 43, 16759
List the prime factors of 2081761.
11, 189251
List the prime factors of 1424996.
2, 41, 8689
List the prime factors of 8354316.
2, 3, 61, 101, 113
What are the prime factors of 605500?
2, 5, 7, 173
List the prime factors of 926425.
5, 37057
What are the prime factors of 101826?
2, 3, 5657
What are the prime factors of 674778?
2, 3, 13, 41, 211
List the prime factors of 449140.
2, 5, 17, 1321
What are the prime factors of 4386658?
2, 1039, 2111
List the prime factors of 9619077.
3, 13, 246643
List the prime factors of 309988.
2, 7, 11071
List the prime factors of 1503485.
5, 389, 773
What are the prime factors of 827198?
2, 193, 2143
What are the prime factors of 2776717?
19, 59, 2477
List the prime factors of 1645191.
3, 19, 1069
What are the prime factors of 435172?
2, 108793
What are the prime factors of 358382?
2, 29, 37, 167
What are the prime factors of 13932276?
2, 3, 37, 31379
List the prime factors of 347175.
3, 5, 1543
List the prime factors of 7873618.
2, 17, 367, 631
What are the prime factors of 1097694?
2, 3, 13, 4691
List the prime factors of 4168839.
3, 41, 33893
What are the prime factors of 956330?
2, 5, 95633
What are the prime factors of 6411544?
2, 31, 103, 251
List the prime factors of 4470074.
2, 7, 45613
What are the prime factors of 9233113?
73, 126481
What are the prime factors of 2272730?
2, 5, 17, 29, 461
List the pri